 2*u - 9 = u. Let o(a) = -37*a - 18. Let p be o(2). Let i = 182 + p. What is the highest common factor of i and u?
9
Let p = -427 - -840. Calculate the highest common factor of p and 91.
7
Let a(u) = 10*u - 50. Let o = -69 - -90. Let h be a(o). What is the highest common divisor of 20 and h?
20
Let r = -12456 + 21228. Calculate the greatest common divisor of 4 and r.
4
Let g(d) = -d**3 + 16*d**2 + 22*d + 40. Let f be g(12). Calculate the highest common divisor of f and 80.
80
Let u(o) = 6*o**2 + 18*o + 10. Let x be u(2). Calculate the highest common factor of 1505 and x.
35
Let c be 26/13 - (2 - 122). Suppose 5*m = c + 148. Let p be 82 + ((-2)/(-1) - 3). What is the highest common divisor of m and p?
27
Let z be 256/12 - ((-44)/(-3))/(-22). Calculate the greatest common factor of z and 1397.
11
Let o(w) be the first derivative of 10*w**2 - 22*w - 11. Let y be 5 - (200/90 - 4/18). Let b be o(y). What is the highest common divisor of b and 342?
38
Suppose -4*c + j = -155, c - 2*c + 47 = -3*j. Suppose 3*d = s + 738, 52*d + 4*s = 57*d - 1223. Calculate the highest common factor of d and c.
19
Let n = 5 - -21. Let f(r) = 5*r**2 + 21*r - 2. Let w = -5 + -1. Let u be f(w). What is the greatest common factor of n and u?
26
Suppose 18*l = 96 - 24. Suppose 3*k - 5*s = -8*s + 9, -2*k + l*s + 12 = 0. What is the highest common divisor of 68 and k?
4
Suppose -3*k = -y - 0*y - 146, 0 = 5*k - 20. Let h = 334 - y. What is the highest common factor of 52 and h?
52
Let v(j) = 20575*j**3 - 5*j**2 + 16*j - 14. Let a be v(1). Calculate the highest common divisor of 148 and a.
148
Suppose 42106 = 5*p - 3*f - 25073, 4*p + 3*f = 53781. What is the greatest common divisor of 80 and p?
80
Let j be (20/6)/((-4)/96). Let d be j/(-50) - 4/(-10). Suppose -4*b - p + 47 = -b, d*p = -b + 14. Calculate the highest common divisor of 16 and b.
16
Let l(r) = -305*r + 4106. Let i be l(13). Let k(v) = v - 3. Let y be k(6). What is the highest common divisor of y and i?
3
Let h = -2504 + 2512. Let d(f) = -f**2 + 7*f - 2. Let y be d(6). Calculate the greatest common divisor of h and y.
4
Let m be 6/(15/12 - 1). Suppose -42*j = -67*j + 10200. Calculate the greatest common factor of j and m.
24
Suppose 0 = -15*r - 13*r + 10434 + 3930. Calculate the greatest common factor of 912 and r.
57
Suppose -2*v = 10, -41*i + 46*i + 5*v - 20315 = 0. Calculate the highest common divisor of 36 and i.
36
Let i(h) = 4*h**3 + 38*h**2 + 25*h - 21. Let c be i(-18). Let z be c/(-77) - 6/33. Let u = z - -35. What is the highest common factor of u and 23?
23
Suppose -5*v + 9*f + 35 = 4*f, 4*f + 30 = 5*v. Suppose -v*u + 0*k = -4*k - 116, 0 = -5*u - 3*k + 290. What is the highest common divisor of 145 and u?
29
Suppose -9*x + 147 = 21. Suppose 0 = -x*w + 15*w - 15. Let d be ((-147)/(-6) - 2)*(6 - 4). What is the greatest common factor of w and d?
15
Let x be (-9)/(-4) - 7/28. Suppose 0 = 4*p + 2*v - 252, -2*v - 51 - 75 = -x*p. What is the greatest common factor of 84 and p?
21
Suppose 0 = -11*i + 1606 - 176. Let o = i - 118. Calculate the greatest common divisor of 3 and o.
3
Suppose 358*i = 292111 + 12189. Calculate the highest common divisor of i and 935.
85
Let v = -33225 - -39705. Calculate the greatest common factor of v and 20.
20
Let s = -4581 - -4691. Calculate the highest common factor of s and 484.
22
Let l(a) = 13*a**2 + 422*a + 87. Let g be l(-35). Calculate the greatest common factor of g and 234.
18
Suppose 0 = -9*s - 3*s - 72. Let g be s + 3/((-3)/(-31)). What is the greatest common factor of g and 175?
25
Suppose 3*n = n + 110. Suppose 11*z - 505 = -3*r, 11*z - 192 = 6*z + 4*r. Calculate the greatest common divisor of n and z.
11
Suppose -4*v = -k - 9*v + 101, -3*v = -3*k + 393. Let q be (-18)/12*496/(-12). Suppose -140 = -q*s + 52*s. What is the highest common factor of s and k?
14
Let u = -37 + 42. Let k = 33 + u. What is the highest common factor of k and 190?
38
Let n = 124 + 119. Let q = 257 - n. What is the greatest common factor of 70 and q?
14
Suppose -5*y - 2*z = -23, -36*z + 33*z = 3*y - 12. Suppose -317 + 257 = -y*d. Calculate the greatest common factor of 6 and d.
6
Let p be 9/(-11) + (-4)/22. Let a(j) = -6*j + 12. Let g be a(p). Calculate the highest common divisor of 171 and g.
9
Let k = 58 + 5787. Calculate the greatest common divisor of k and 5.
5
Let n = 447 - 441. Suppose -504 = -3*v - 4*y, -n*y + 672 = 4*v - 4*y. Calculate the greatest common divisor of 48 and v.
24
Let m be 6/(-84) - 6141/(-322). Calculate the greatest common divisor of m and 13661.
19
Let r = -145 + 145. Suppose r = -3*u - 4*u + 399. Suppose 4*y - 78 = 2*m, -5*y + 99 = -0*y - 4*m. What is the greatest common factor of y and u?
19
Let x be 3 - -20*(-26)/(-65). Calculate the highest common divisor of 7117 and x.
11
Let u = -2044 + 2110. Let g = 48 - -117. Suppose 3*p + 97 = s - 68, s + 4*p - g = 0. What is the greatest common divisor of s and u?
33
Let r = 13 + 35. Suppose 2*x = -3*u + 1018, -3*x = 2*u + x - 692. Suppose 3*c - u = -4*c. Calculate the greatest common divisor of c and r.
48
Let g = 4 + -1. Let p(v) = -1098*v - 4392. Let d be p(-4). Suppose g*l - 7 - 12 = -m, -5*m - 10 = d. What is the highest common divisor of l and 7?
7
Let w be 4 - (-2 + 14*2/4). Let m(o) = -22*o**3 + 2*o**2 - 2*o - 2. Let v be m(w). What is the highest common divisor of v and 36?
12
Suppose 50 = -2*b - 50. Let o be (-8)/(-6) - b/(-6). Let f(p) = -p**3 - 8*p**2 - 9*p. Let g be f(o). Calculate the highest common divisor of g and 154.
14
Let k be 697/(-68)*(1 - (-2 - -27)). Let d = k + -212. What is the highest common factor of 34 and d?
34
Let d = -68 - -248. Let y(a) = 153*a - 3173. Let f be y(21). What is the greatest common divisor of f and d?
20
Let p(a) = a**3 + 32*a**2 + 133*a - 208. Let f be p(-26). Calculate the highest common divisor of f and 650.
130
Let j(h) = 2*h**2 + 6*h - 3. Let s be j(-8). Suppose 0 = 5*u - 59 - 641. Suppose 0 = -109*i + 129*i - u. What is the highest common divisor of i and s?
7
Suppose 5 = 2*n - 1. Calculate the highest common factor of 111 and n.
3
Suppose 254*y = 162*y + 3312. What is the highest common divisor of 5004 and y?
36
Let y be 777/2 - (-9)/(-12)*4/6. Calculate the greatest common factor of 40 and y.
4
Suppose 4*k - 56 = -5*r, -2*k + 4*r + r - 2 = 0. Suppose 13*q - 5*q - 1728 = 0. Calculate the highest common divisor of k and q.
9
Let q(p) = -p**3 + 82*p**2 - 6*p + 482. Let x be q(82). Let i = 45 - 12. Let b = x + i. What is the greatest common factor of 115 and b?
23
Suppose 7*d - 5*d - 4*j - 2 = 0, -d - 2*j = -5. Suppose -4*n = 5*u - 214, -59 = 2*n - d*n - 4*u. Let y = -44 + 95. What is the highest common factor of n and y?
51
Let s(d) = -4*d**2 + d. Let x be s(4). Let b = 63 + x. Calculate the greatest common divisor of 11 and b.
1
Suppose -914 = -4*h + 2892 + 1670. What is the greatest common factor of 111 and h?
37
Let v be 14/63 + (-106)/(-9). Let t be -1*(-44 + (-6)/1). Suppose -5*b + 56 = -4*j + 2*j, -5*b + 5*j = -t. What is the highest common factor of b and v?
12
Suppose 652*a - 27 = 651*a. Let d be 2*16*(-36)/(-4). Let o be (-1*3)/((-4)/d). Calculate the highest common factor of a and o.
27
Let l(b) be the first derivative of b**3/3 - 17*b**2 + 191*b - 90. Let i be l(27). Let x = 97 - 59. Calculate the highest common factor of x and i.
2
Let f be (-1709639)/(-670) + (-3)/(-20)*2. What is the greatest common factor of f and 132?
44
Let r(l) = 110*l - 4493. Let p be r(41). Suppose -393 = -5*k + 2*k - 3*n, 3*n = -k + 121. Calculate the greatest common divisor of k and p.
17
Let h = 9193 - 9113. Calculate the greatest common factor of 528 and h.
16
Let k(t) = 2*t**3 - 53*t**2 + 61. Let g be k(28). Calculate the highest common divisor of 152 and g.
19
Let p(n) = -124*n + 742. Let q be p(-50). Calculate the greatest common factor of q and 39.
39
Let w = -23 + 25. Suppose a = -w*o + 3*o - 7, -3*a = 0. Suppose -3*b - 14 = -4*q, -2*b = 5*q - 0*b - 6. What is the highest common factor of q and o?
1
Suppose -19*q + 4*a + 3922 = -16*q, 4*q = 4*a + 5224. What is the highest common factor of q and 336?
42
Let y(m) be the third derivative of -m**5/30 - 5*m**4/3 + 32*m**3/3 + 92*m**2. Let v be y(-20). What is the highest common divisor of v and 48?
16
Let w(j) = -j**3 - 12*j**2 + 